Last updated on 2025-02-24 19:50:49 CET.
Flavor | Version | Tinstall | Tcheck | Ttotal | Status | Flags |
---|---|---|---|---|---|---|
r-devel-linux-x86_64-debian-clang | 1.0.0 | 23.90 | 29.86 | 53.76 | OK | |
r-devel-linux-x86_64-debian-gcc | 1.0.0 | 18.95 | 23.06 | 42.01 | OK | |
r-devel-linux-x86_64-fedora-clang | 1.0.0 | 111.72 | WARN | |||
r-devel-linux-x86_64-fedora-gcc | 1.0.0 | 116.59 | OK | |||
r-devel-macos-arm64 | 1.0.0 | 38.00 | OK | |||
r-devel-macos-x86_64 | 1.0.0 | 72.00 | OK | |||
r-devel-windows-x86_64 | 1.0.0 | 30.00 | 79.00 | 109.00 | OK | |
r-patched-linux-x86_64 | 1.0.0 | 23.82 | 28.56 | 52.38 | OK | |
r-release-linux-x86_64 | 1.0.0 | 23.16 | 28.46 | 51.62 | OK | |
r-release-macos-arm64 | 1.0.0 | 44.00 | NOTE | |||
r-release-macos-x86_64 | 1.0.0 | 85.00 | NOTE | |||
r-release-windows-x86_64 | 1.0.0 | 31.00 | 73.00 | 104.00 | OK | |
r-oldrel-macos-arm64 | 0.4.1 | 48.00 | NOTE | |||
r-oldrel-macos-x86_64 | 1.0.0 | 74.00 | NOTE | |||
r-oldrel-windows-x86_64 | 1.0.0 | 36.00 | 80.00 | 116.00 | OK |
Version: 1.0.0
Check: whether package can be installed
Result: WARN
Found the following significant warnings:
/data/gannet/ripley/R/test-clang/cpp11/include/cpp11/R.hpp:52:31: warning: identifier '_xl' preceded by whitespace in a literal operator declaration is deprecated [-Wdeprecated-literal-operator]
/data/gannet/ripley/R/test-clang/cpp11/include/cpp11/named_arg.hpp:42:29: warning: identifier '_nm' preceded by whitespace in a literal operator declaration is deprecated [-Wdeprecated-literal-operator]
See ‘/data/gannet/ripley/R/packages/tests-clang/textshaping.Rcheck/00install.out’ for details.
* used C++ compiler: ‘clang version 20.1.0-rc2’
Flavor: r-devel-linux-x86_64-fedora-clang
Version: 1.0.0
Check: installed package size
Result: NOTE
installed size is 22.5Mb
sub-directories of 1Mb or more:
libs 22.2Mb
Flavors: r-release-macos-arm64, r-release-macos-x86_64, r-oldrel-macos-x86_64
Version: 0.4.1
Check: installed package size
Result: NOTE
installed size is 22.1Mb
sub-directories of 1Mb or more:
libs 22.0Mb
Flavor: r-oldrel-macos-arm64