Last updated on 2025-02-24 19:50:49 CET.
Flavor | Version | Tinstall | Tcheck | Ttotal | Status | Flags |
---|---|---|---|---|---|---|
r-devel-linux-x86_64-debian-clang | 0.4.0 | 5.36 | 43.60 | 48.96 | OK | |
r-devel-linux-x86_64-debian-gcc | 0.4.0 | 3.54 | 29.11 | 32.65 | OK | |
r-devel-linux-x86_64-fedora-clang | 0.4.0 | 78.10 | WARN | |||
r-devel-linux-x86_64-fedora-gcc | 0.4.0 | 66.75 | OK | |||
r-devel-macos-arm64 | 0.4.0 | 24.00 | OK | |||
r-devel-macos-x86_64 | 0.4.0 | 42.00 | OK | |||
r-devel-windows-x86_64 | 0.4.0 | 9.00 | 72.00 | 81.00 | OK | |
r-patched-linux-x86_64 | 0.4.0 | 5.08 | 37.16 | 42.24 | OK | |
r-release-linux-x86_64 | 0.4.0 | 4.45 | 36.90 | 41.35 | OK | |
r-release-macos-arm64 | 0.4.0 | 25.00 | OK | |||
r-release-macos-x86_64 | 0.4.0 | 35.00 | OK | |||
r-release-windows-x86_64 | 0.4.0 | 9.00 | 64.00 | 73.00 | OK | |
r-oldrel-macos-arm64 | 0.4.0 | 39.00 | OK | |||
r-oldrel-macos-x86_64 | 0.4.0 | 66.00 | OK | |||
r-oldrel-windows-x86_64 | 0.4.0 | 8.00 | 72.00 | 80.00 | OK |
Version: 0.4.0
Check: whether package can be installed
Result: WARN
Found the following significant warnings:
/data/gannet/ripley/R/test-clang/cpp11/include/cpp11/R.hpp:52:31: warning: identifier '_xl' preceded by whitespace in a literal operator declaration is deprecated [-Wdeprecated-literal-operator]
/data/gannet/ripley/R/test-clang/cpp11/include/cpp11/named_arg.hpp:42:29: warning: identifier '_nm' preceded by whitespace in a literal operator declaration is deprecated [-Wdeprecated-literal-operator]
See ‘/data/gannet/ripley/R/packages/tests-clang/tidyfast.Rcheck/00install.out’ for details.
* used C++ compiler: ‘clang version 20.1.0-rc2’
Flavor: r-devel-linux-x86_64-fedora-clang