Last updated on 2025-02-24 19:50:49 CET.
Flavor | Version | Tinstall | Tcheck | Ttotal | Status | Flags |
---|---|---|---|---|---|---|
r-devel-linux-x86_64-debian-clang | 1.3.1 | 14.26 | 82.93 | 97.19 | OK | |
r-devel-linux-x86_64-debian-gcc | 1.3.1 | 8.12 | 58.03 | 66.15 | OK | |
r-devel-linux-x86_64-fedora-clang | 1.3.1 | 172.53 | WARN | |||
r-devel-linux-x86_64-fedora-gcc | 1.3.1 | 144.94 | OK | |||
r-devel-macos-arm64 | 1.3.1 | 43.00 | OK | |||
r-devel-macos-x86_64 | 1.3.1 | 84.00 | OK | |||
r-devel-windows-x86_64 | 1.3.1 | 17.00 | 105.00 | 122.00 | OK | |
r-patched-linux-x86_64 | 1.3.1 | 14.62 | 76.46 | 91.08 | NOTE | |
r-release-linux-x86_64 | 1.3.1 | 11.48 | 76.43 | 87.91 | NOTE | |
r-release-macos-arm64 | 1.3.1 | 41.00 | OK | |||
r-release-macos-x86_64 | 1.3.1 | 63.00 | OK | |||
r-release-windows-x86_64 | 1.3.1 | 19.00 | 104.00 | 123.00 | OK | |
r-oldrel-macos-arm64 | 1.3.1 | 49.00 | OK | |||
r-oldrel-macos-x86_64 | 1.3.1 | 97.00 | OK | |||
r-oldrel-windows-x86_64 | 1.3.1 | 22.00 | 130.00 | 152.00 | OK |
Version: 1.3.1
Check: whether package can be installed
Result: WARN
Found the following significant warnings:
/data/gannet/ripley/R/test-clang/cpp11/include/cpp11/R.hpp:52:31: warning: identifier '_xl' preceded by whitespace in a literal operator declaration is deprecated [-Wdeprecated-literal-operator]
/data/gannet/ripley/R/test-clang/cpp11/include/cpp11/named_arg.hpp:42:29: warning: identifier '_nm' preceded by whitespace in a literal operator declaration is deprecated [-Wdeprecated-literal-operator]
See ‘/data/gannet/ripley/R/packages/tests-clang/tidygraph.Rcheck/00install.out’ for details.
* used C++ compiler: ‘clang version 20.1.0-rc2’
Flavor: r-devel-linux-x86_64-fedora-clang
Version: 1.3.1
Check: package dependencies
Result: NOTE
Package suggested but not available for checking: ‘NetSwan’
Flavors: r-patched-linux-x86_64, r-release-linux-x86_64