Last updated on 2025-02-24 19:50:49 CET.
Flavor | Version | Tinstall | Tcheck | Ttotal | Status | Flags |
---|---|---|---|---|---|---|
r-devel-linux-x86_64-debian-clang | 1.3.1 | 15.05 | 146.49 | 161.54 | OK | |
r-devel-linux-x86_64-debian-gcc | 1.3.1 | 10.73 | 99.05 | 109.78 | OK | |
r-devel-linux-x86_64-fedora-clang | 1.3.1 | 275.10 | WARN | |||
r-devel-linux-x86_64-fedora-gcc | 1.3.1 | 257.73 | OK | |||
r-devel-macos-arm64 | 1.3.1 | 90.00 | OK | |||
r-devel-macos-x86_64 | 1.3.1 | 174.00 | OK | |||
r-devel-windows-x86_64 | 1.3.1 | 21.00 | 167.00 | 188.00 | OK | |
r-patched-linux-x86_64 | 1.3.1 | 17.66 | 133.62 | 151.28 | OK | |
r-release-linux-x86_64 | 1.3.1 | 16.68 | 134.01 | 150.69 | OK | |
r-release-macos-arm64 | 1.3.1 | 94.00 | OK | |||
r-release-macos-x86_64 | 1.3.1 | 128.00 | OK | |||
r-release-windows-x86_64 | 1.3.1 | 22.00 | 162.00 | 184.00 | OK | |
r-oldrel-macos-arm64 | 1.3.1 | 87.00 | OK | |||
r-oldrel-macos-x86_64 | 1.3.1 | 156.00 | OK | |||
r-oldrel-windows-x86_64 | 1.3.1 | 26.00 | 202.00 | 228.00 | OK |
Version: 1.3.1
Check: whether package can be installed
Result: WARN
Found the following significant warnings:
/data/gannet/ripley/R/test-clang/cpp11/include/cpp11/R.hpp:52:31: warning: identifier '_xl' preceded by whitespace in a literal operator declaration is deprecated [-Wdeprecated-literal-operator]
/data/gannet/ripley/R/test-clang/cpp11/include/cpp11/named_arg.hpp:42:29: warning: identifier '_nm' preceded by whitespace in a literal operator declaration is deprecated [-Wdeprecated-literal-operator]
See ‘/data/gannet/ripley/R/packages/tests-clang/tidyr.Rcheck/00install.out’ for details.
* used C++ compiler: ‘clang version 20.1.0-rc2’
Flavor: r-devel-linux-x86_64-fedora-clang