Last updated on 2025-02-07 08:51:37 CET.
Flavor | Version | Tinstall | Tcheck | Ttotal | Status | Flags |
---|---|---|---|---|---|---|
r-devel-linux-x86_64-debian-clang | 0.1.4 | 3.55 | 39.57 | 43.12 | OK | |
r-devel-linux-x86_64-debian-gcc | 0.1.4 | 2.59 | 30.09 | 32.68 | OK | |
r-devel-linux-x86_64-fedora-clang | 0.1.4 | 71.76 | OK | |||
r-devel-linux-x86_64-fedora-gcc | 0.1.4 | 76.79 | OK | |||
r-devel-windows-x86_64 | 0.1.4 | 4.00 | 66.00 | 70.00 | OK | |
r-patched-linux-x86_64 | 0.1.4 | 2.42 | 35.63 | 38.05 | NOTE | |
r-release-linux-x86_64 | 0.1.4 | 3.34 | 35.78 | 39.12 | NOTE | |
r-release-macos-arm64 | 0.1.4 | 31.00 | NOTE | |||
r-release-macos-x86_64 | 0.1.4 | 45.00 | NOTE | |||
r-release-windows-x86_64 | 0.1.4 | 5.00 | 0.00 | 5.00 | FAIL | |
r-oldrel-macos-arm64 | 0.1.4 | 32.00 | NOTE | |||
r-oldrel-macos-x86_64 | 0.1.4 | 48.00 | NOTE | |||
r-oldrel-windows-x86_64 | 0.1.4 | 5.00 | 65.00 | 70.00 | NOTE |
Version: 0.1.4
Check: LazyData
Result: NOTE
'LazyData' is specified without a 'data' directory
Flavors: r-patched-linux-x86_64, r-release-linux-x86_64, r-release-macos-arm64, r-release-macos-x86_64, r-release-windows-x86_64, r-oldrel-macos-arm64, r-oldrel-macos-x86_64, r-oldrel-windows-x86_64
Version: 0.1.4
Check: PDF version of manual
Result: FAIL
Check process probably crashed or hung up for 20 minutes ... killed
Most likely this happened in the example checks (?),
if not, ignore the following last lines of example output:
* <chr> <chr> <dbl> <dbl> <dbl> <dbl> <dbl> <dbl> <dbl> <dbl> <dbl>
1 Albertine Françoi… 7 7 7 7 12 10 0.497 0.692 0.444
2 Albertine Gilberte 4 4 4 Inf 5 3 0.142 0.333 0.194
3 Albertine Odette 6 6 6 Inf 9 9 0.428 0.8 0.389
4 Albertine Charles 8 8 8 Inf 12 10 0.544 0.75 0.579
5 Françoise Gilberte 8 8 8 Inf 13 11 0.578 0.769 0.588
6 Françoise Odette 8 8 8 Inf 13 13 0.789 0.917 0.574
7 Françoise Charles 7 7 7 Inf 12 8 0.496 0.667 0.495
8 Gilberte Odette 5 5 5 Inf 8 8 0.4 0.778 0.375
9 Gilberte Charles 7 7 7 Inf 11 9 0.522 0.727 0.565
10 Odette Charles 6 6 6 Inf 11 11 0.761 0.9 0.563
# ℹ 1 more variable: soundex <dbl>
>
>
>
> ### * <FOOTER>
> ###
> cleanEx()
> options(digits = 7L)
> base::cat("Time elapsed: ", proc.time() - base::get("ptime", pos = 'CheckExEnv'),"\n")
Time elapsed: 0.83 0.11 0.93 NA NA
> grDevices::dev.off()
null device
1
> ###
> ### Local variables: ***
> ### mode: outline-minor ***
> ### outline-regexp: "\\(> \\)?### [*]+" ***
> ### End: ***
> quit('no')
======== End of example output (where/before crash/hang up occured ?) ========
Flavor: r-release-windows-x86_64