Last updated on 2025-02-24 19:50:49 CET.
Flavor | Version | Tinstall | Tcheck | Ttotal | Status | Flags |
---|---|---|---|---|---|---|
r-devel-linux-x86_64-debian-clang | 0.2.0 | 3.86 | 40.06 | 43.92 | OK | |
r-devel-linux-x86_64-debian-gcc | 0.2.0 | 3.42 | 31.63 | 35.05 | OK | |
r-devel-linux-x86_64-fedora-clang | 0.2.0 | 75.65 | NOTE | |||
r-devel-linux-x86_64-fedora-gcc | 0.2.0 | 85.72 | NOTE | |||
r-devel-macos-arm64 | 0.2.0 | 32.00 | OK | |||
r-devel-macos-x86_64 | 0.2.0 | 59.00 | OK | |||
r-devel-windows-x86_64 | 0.2.0 | 7.00 | 62.00 | 69.00 | OK | |
r-patched-linux-x86_64 | 0.2.0 | 4.61 | 38.17 | 42.78 | OK | |
r-release-linux-x86_64 | 0.2.0 | 4.39 | 38.64 | 43.03 | OK | |
r-release-macos-arm64 | 0.2.0 | 30.00 | OK | |||
r-release-macos-x86_64 | 0.2.0 | 47.00 | OK | |||
r-release-windows-x86_64 | 0.2.0 | 8.00 | 61.00 | 69.00 | OK | |
r-oldrel-macos-arm64 | 0.2.0 | 37.00 | OK | |||
r-oldrel-macos-x86_64 | 0.2.0 | 55.00 | OK | |||
r-oldrel-windows-x86_64 | 0.2.0 | 9.00 | 68.00 | 77.00 | OK |
Version: 0.2.0
Check: dependencies in R code
Result: NOTE
Namespace in Imports field not imported from: ‘sp’
All declared Imports should be used.
Flavors: r-devel-linux-x86_64-fedora-clang, r-devel-linux-x86_64-fedora-gcc