Last updated on 2025-02-24 19:50:49 CET.
Flavor | Version | Tinstall | Tcheck | Ttotal | Status | Flags |
---|---|---|---|---|---|---|
r-devel-linux-x86_64-debian-clang | 0.3.0 | 28.32 | 24.82 | 53.14 | OK | |
r-devel-linux-x86_64-debian-gcc | 0.3.0 | 20.69 | 20.02 | 40.71 | OK | |
r-devel-linux-x86_64-fedora-clang | 0.3.0 | 119.81 | WARN | |||
r-devel-linux-x86_64-fedora-gcc | 0.3.0 | 95.95 | OK | |||
r-devel-macos-arm64 | 0.3.0 | 34.00 | OK | |||
r-devel-macos-x86_64 | 0.3.0 | 47.00 | OK | |||
r-devel-windows-x86_64 | 0.3.0 | 36.00 | 69.00 | 105.00 | OK | |
r-patched-linux-x86_64 | 0.3.0 | 26.94 | 23.01 | 49.95 | OK | |
r-release-linux-x86_64 | 0.3.0 | 26.19 | 23.81 | 50.00 | OK | |
r-release-macos-arm64 | 0.3.0 | 32.00 | OK | |||
r-release-macos-x86_64 | 0.3.0 | 35.00 | OK | |||
r-release-windows-x86_64 | 0.3.0 | 42.00 | 73.00 | 115.00 | OK | |
r-oldrel-macos-arm64 | 0.3.0 | 52.00 | OK | |||
r-oldrel-macos-x86_64 | 0.3.0 | 95.00 | OK | |||
r-oldrel-windows-x86_64 | 0.3.0 | 42.00 | 81.00 | 123.00 | OK |
Version: 0.3.0
Check: whether package can be installed
Result: WARN
Found the following significant warnings:
/data/gannet/ripley/R/test-clang/cpp11/include/cpp11/R.hpp:52:31: warning: identifier '_xl' preceded by whitespace in a literal operator declaration is deprecated [-Wdeprecated-literal-operator]
/data/gannet/ripley/R/test-clang/cpp11/include/cpp11/named_arg.hpp:42:29: warning: identifier '_nm' preceded by whitespace in a literal operator declaration is deprecated [-Wdeprecated-literal-operator]
See ‘/data/gannet/ripley/R/packages/tests-clang/timechange.Rcheck/00install.out’ for details.
* used C compiler: ‘clang version 20.1.0-rc2’
* used C++ compiler: ‘clang version 20.1.0-rc2’
Flavor: r-devel-linux-x86_64-fedora-clang