Last updated on 2025-02-07 08:51:37 CET.
Flavor | Version | Tinstall | Tcheck | Ttotal | Status | Flags |
---|---|---|---|---|---|---|
r-devel-linux-x86_64-debian-clang | 0.1.4 | 2.95 | 46.57 | 49.52 | NOTE | |
r-devel-linux-x86_64-debian-gcc | 0.1.4 | 2.29 | 36.85 | 39.14 | NOTE | |
r-devel-linux-x86_64-fedora-clang | 0.1.4 | 82.82 | OK | |||
r-devel-linux-x86_64-fedora-gcc | 0.1.4 | 90.90 | OK | |||
r-devel-windows-x86_64 | 0.1.4 | 5.00 | 98.00 | 103.00 | NOTE | |
r-patched-linux-x86_64 | 0.1.4 | 6.81 | 44.18 | 50.99 | OK | |
r-release-linux-x86_64 | 0.1.4 | 2.82 | 44.73 | 47.55 | OK | |
r-release-macos-arm64 | 0.1.4 | 40.00 | OK | |||
r-release-macos-x86_64 | 0.1.4 | 55.00 | OK | |||
r-release-windows-x86_64 | 0.1.4 | 6.00 | 95.00 | 101.00 | OK | |
r-oldrel-macos-arm64 | 0.1.4 | 39.00 | OK | |||
r-oldrel-macos-x86_64 | 0.1.4 | 54.00 | OK | |||
r-oldrel-windows-x86_64 | 0.1.4 | 5.00 | 89.00 | 94.00 | OK |
Version: 0.1.4
Check: Rd cross-references
Result: NOTE
Found the following Rd file(s) with Rd \link{} targets missing package
anchors:
tintHtml.Rd: pdf_document, html_document
Please provide package anchors for all Rd \link{} targets not in the
package itself and the base packages.
Flavors: r-devel-linux-x86_64-debian-clang, r-devel-linux-x86_64-debian-gcc, r-devel-windows-x86_64