Last updated on 2025-02-24 19:50:50 CET.
Flavor | Version | Tinstall | Tcheck | Ttotal | Status | Flags |
---|---|---|---|---|---|---|
r-devel-linux-x86_64-debian-clang | 1.0.1 | 6.61 | 52.38 | 58.99 | OK | |
r-devel-linux-x86_64-debian-gcc | 1.0.1 | 4.35 | 37.35 | 41.70 | OK | |
r-devel-linux-x86_64-fedora-clang | 1.0.1 | 105.65 | OK | |||
r-devel-linux-x86_64-fedora-gcc | 1.0.1 | 104.45 | OK | |||
r-devel-macos-arm64 | 1.0.1 | 35.00 | OK | |||
r-devel-macos-x86_64 | 1.0.1 | 64.00 | OK | |||
r-devel-windows-x86_64 | 1.0.1 | 9.00 | 76.00 | 85.00 | OK | |
r-patched-linux-x86_64 | 1.0.1 | 7.09 | 49.30 | 56.39 | NOTE | |
r-release-linux-x86_64 | 1.0.1 | 5.80 | 49.13 | 54.93 | NOTE | |
r-release-macos-arm64 | 1.0.1 | 31.00 | NOTE | |||
r-release-macos-x86_64 | 1.0.1 | 51.00 | NOTE | |||
r-release-windows-x86_64 | 1.0.1 | 8.00 | 74.00 | 82.00 | NOTE | |
r-oldrel-macos-arm64 | 1.0.1 | 32.00 | NOTE | |||
r-oldrel-macos-x86_64 | 1.0.1 | 51.00 | NOTE | |||
r-oldrel-windows-x86_64 | 1.0.1 | 10.00 | 84.00 | 94.00 | NOTE |
Version: 1.0.1
Check: LazyData
Result: NOTE
'LazyData' is specified without a 'data' directory
Flavors: r-patched-linux-x86_64, r-release-linux-x86_64, r-release-macos-arm64, r-release-macos-x86_64, r-release-windows-x86_64, r-oldrel-macos-arm64, r-oldrel-macos-x86_64, r-oldrel-windows-x86_64