Last updated on 2025-02-24 19:50:50 CET.
Flavor | Version | Tinstall | Tcheck | Ttotal | Status | Flags |
---|---|---|---|---|---|---|
r-devel-linux-x86_64-debian-clang | 0.1.3 | 16.23 | 90.50 | 106.73 | OK | |
r-devel-linux-x86_64-debian-gcc | 0.1.3 | 11.18 | 59.50 | 70.68 | OK | |
r-devel-linux-x86_64-fedora-clang | 0.1.3 | 177.70 | WARN | |||
r-devel-linux-x86_64-fedora-gcc | 0.1.3 | 161.35 | OK | |||
r-devel-macos-arm64 | 0.1.3 | 10.00 | ERROR | |||
r-devel-macos-x86_64 | 0.1.3 | 8.00 | ERROR | |||
r-devel-windows-x86_64 | 0.1.3 | 22.00 | 108.00 | 130.00 | OK | |
r-patched-linux-x86_64 | 0.1.3 | 16.28 | 81.20 | 97.48 | OK | |
r-release-linux-x86_64 | 0.1.3 | 15.29 | 81.38 | 96.67 | OK | |
r-release-macos-arm64 | 0.1.3 | 12.00 | ERROR | |||
r-release-macos-x86_64 | 0.1.3 | 13.00 | ERROR | |||
r-release-windows-x86_64 | 0.1.3 | 22.00 | 103.00 | 125.00 | OK | |
r-oldrel-macos-arm64 | 0.1.3 | 23.00 | ERROR | |||
r-oldrel-macos-x86_64 | 0.1.3 | 12.00 | ERROR | |||
r-oldrel-windows-x86_64 | 0.1.3 | 25.00 | 146.00 | 171.00 | OK |
Version: 0.1.3
Check: whether package can be installed
Result: WARN
Found the following significant warnings:
/data/gannet/ripley/R/test-clang/cpp11/include/cpp11/R.hpp:52:31: warning: identifier '_xl' preceded by whitespace in a literal operator declaration is deprecated [-Wdeprecated-literal-operator]
/data/gannet/ripley/R/test-clang/cpp11/include/cpp11/named_arg.hpp:42:29: warning: identifier '_nm' preceded by whitespace in a literal operator declaration is deprecated [-Wdeprecated-literal-operator]
See ‘/data/gannet/ripley/R/packages/tests-clang/triptych.Rcheck/00install.out’ for details.
* used C++ compiler: ‘clang version 20.1.0-rc2’
Flavor: r-devel-linux-x86_64-fedora-clang
Version: 0.1.3
Check: whether package can be installed
Result: ERROR
Installation failed.
Flavors: r-devel-macos-arm64, r-devel-macos-x86_64, r-release-macos-arm64, r-release-macos-x86_64, r-oldrel-macos-arm64, r-oldrel-macos-x86_64