Last updated on 2025-02-24 19:50:50 CET.
Flavor | Version | Tinstall | Tcheck | Ttotal | Status | Flags |
---|---|---|---|---|---|---|
r-devel-linux-x86_64-debian-clang | 0.1.3 | 72.52 | 35.50 | 108.02 | OK | |
r-devel-linux-x86_64-debian-gcc | 0.1.3 | 61.39 | 28.43 | 89.82 | OK | |
r-devel-linux-x86_64-fedora-clang | 0.1.3 | 217.11 | WARN | |||
r-devel-linux-x86_64-fedora-gcc | 0.1.3 | 260.52 | OK | |||
r-devel-macos-arm64 | 0.1.2 | 64.00 | NOTE | |||
r-devel-macos-x86_64 | 0.1.3 | 139.00 | OK | |||
r-patched-linux-x86_64 | 0.1.3 | 85.56 | 34.03 | 119.59 | OK | |
r-release-linux-x86_64 | 0.1.3 | 83.99 | 34.19 | 118.18 | OK | |
r-release-macos-arm64 | 0.1.2 | 64.00 | NOTE | |||
r-release-macos-x86_64 | 0.1.3 | 161.00 | NOTE | |||
r-release-windows-x86_64 | 0.1.3 | 94.00 | 149.00 | 243.00 | NOTE | |
r-oldrel-macos-arm64 | 0.1.2 | 79.00 | NOTE | |||
r-oldrel-macos-x86_64 | 0.1.3 | 102.00 | NOTE | |||
r-oldrel-windows-x86_64 | 0.1.3 | 94.00 | 165.00 | 259.00 | WARN |
Version: 0.1.3
Check: whether package can be installed
Result: WARN
Found the following significant warnings:
/data/gannet/ripley/R/test-clang/cpp11/include/cpp11/R.hpp:52:31: warning: identifier '_xl' preceded by whitespace in a literal operator declaration is deprecated [-Wdeprecated-literal-operator]
/data/gannet/ripley/R/test-clang/cpp11/include/cpp11/named_arg.hpp:42:29: warning: identifier '_nm' preceded by whitespace in a literal operator declaration is deprecated [-Wdeprecated-literal-operator]
See ‘/data/gannet/ripley/R/packages/tests-clang/unigd.Rcheck/00install.out’ for details.
* used C++ compiler: ‘clang version 20.1.0-rc2’
Flavor: r-devel-linux-x86_64-fedora-clang
Version: 0.1.2
Check: C++ specification
Result: NOTE
Specified C++14: please drop specification unless essential
Flavors: r-devel-macos-arm64, r-release-macos-arm64, r-oldrel-macos-arm64
Version: 0.1.2
Check: installed package size
Result: NOTE
installed size is 14.8Mb
sub-directories of 1Mb or more:
libs 13.6Mb
Flavors: r-release-macos-arm64, r-oldrel-macos-arm64
Version: 0.1.3
Check: installed package size
Result: NOTE
installed size is 17.0Mb
sub-directories of 1Mb or more:
libs 15.8Mb
Flavors: r-release-macos-x86_64, r-release-windows-x86_64, r-oldrel-macos-x86_64, r-oldrel-windows-x86_64
Version: 0.1.3
Check: whether package can be installed
Result: WARN
Found the following significant warnings:
D:/rtools43/usr/lib/mxe/usr/x86_64-w64-mingw32.static.posix/include/winnt.h:8404:37: warning: ISO C++ forbids flexible array member 'Elements' [-Wpedantic]
D:/rtools43/usr/lib/mxe/usr/x86_64-w64-mingw32.static.posix/include/winnt.h:8667:22: warning: ISO C++ forbids flexible array member 'pEventLogRecords' [-Wpedantic]
D:/rtools43/usr/lib/mxe/usr/x86_64-w64-mingw32.static.posix/include/winnt.h:8673:13: warning: ISO C++ forbids flexible array member 'ulOffsets' [-Wpedantic]
See 'd:/Rcompile/CRANpkg/local/4.3/unigd.Rcheck/00install.out' for details.
* used C++ compiler: 'g++.exe (GCC) 12.3.0'
Flavor: r-oldrel-windows-x86_64