Last updated on 2025-05-13 19:52:52 CEST.
Flavor | Version | Tinstall | Tcheck | Ttotal | Status | Flags |
---|---|---|---|---|---|---|
r-devel-linux-x86_64-debian-clang | 0.2.0 | 32.84 | 24.80 | 57.64 | NOTE | |
r-devel-linux-x86_64-debian-gcc | 0.2.0 | 21.57 | 20.24 | 41.81 | NOTE | |
r-devel-linux-x86_64-fedora-clang | 0.2.0 | 114.01 | NOTE | |||
r-devel-linux-x86_64-fedora-gcc | 0.2.0 | 106.45 | NOTE | |||
r-devel-windows-x86_64 | 0.2.0 | 35.00 | 64.00 | 99.00 | NOTE | |
r-patched-linux-x86_64 | 0.2.0 | 29.24 | 24.01 | 53.25 | NOTE | |
r-release-linux-x86_64 | 0.2.0 | 30.37 | 24.06 | 54.43 | NOTE | |
r-release-macos-arm64 | 0.2.0 | 30.00 | NOTE | |||
r-release-macos-x86_64 | 0.2.0 | 41.00 | NOTE | |||
r-release-windows-x86_64 | 0.2.0 | 37.00 | 70.00 | 107.00 | NOTE | |
r-oldrel-macos-arm64 | 0.2.0 | 31.00 | NOTE | |||
r-oldrel-macos-x86_64 | 0.2.0 | 39.00 | NOTE | |||
r-oldrel-windows-x86_64 | 0.2.0 | 33.00 | 74.00 | 107.00 | NOTE |
Version: 0.2.0
Check: C++ specification
Result: NOTE
Specified C++11: please drop specification unless essential
Flavors: r-devel-linux-x86_64-debian-clang, r-devel-linux-x86_64-debian-gcc, r-devel-linux-x86_64-fedora-clang, r-devel-linux-x86_64-fedora-gcc, r-devel-windows-x86_64, r-patched-linux-x86_64, r-release-linux-x86_64, r-release-macos-arm64, r-release-macos-x86_64, r-release-windows-x86_64, r-oldrel-macos-arm64, r-oldrel-macos-x86_64, r-oldrel-windows-x86_64