Last updated on 2024-12-18 19:49:26 CET.
Flavor | Version | Tinstall | Tcheck | Ttotal | Status | Flags |
---|---|---|---|---|---|---|
r-devel-linux-x86_64-debian-clang | 1.1.1 | 18.27 | 132.03 | 150.30 | NOTE | |
r-devel-linux-x86_64-debian-gcc | 1.1.1 | 11.41 | 96.14 | 107.55 | NOTE | |
r-devel-linux-x86_64-fedora-clang | 1.1.1 | 247.70 | OK | |||
r-devel-linux-x86_64-fedora-gcc | 1.1.1 | 224.53 | OK | |||
r-devel-windows-x86_64 | 1.1.1 | 21.00 | 131.00 | 152.00 | NOTE | |
r-patched-linux-x86_64 | 1.1.1 | 25.18 | 121.87 | 147.05 | OK | |
r-release-linux-x86_64 | 1.1.1 | 15.52 | 123.64 | 139.16 | OK | |
r-release-macos-arm64 | 1.1.1 | 65.00 | OK | |||
r-release-macos-x86_64 | 1.1.1 | 93.00 | OK | |||
r-release-windows-x86_64 | 1.1.1 | 20.00 | 125.00 | 145.00 | OK | |
r-oldrel-macos-arm64 | 1.1.1 | 77.00 | OK | |||
r-oldrel-macos-x86_64 | 1.1.1 | 120.00 | OK | |||
r-oldrel-windows-x86_64 | 1.1.1 | 26.00 | 157.00 | 183.00 | OK |
Version: 1.1.1
Check: Rd cross-references
Result: NOTE
Found the following Rd file(s) with Rd \link{} targets missing package
anchors:
ControlResponseBias.Rd: lavaan
Please provide package anchors for all Rd \link{} targets not in the
package itself and the base packages.
Flavors: r-devel-linux-x86_64-debian-clang, r-devel-linux-x86_64-debian-gcc, r-devel-windows-x86_64