Last updated on 2025-02-24 19:50:51 CET.
Flavor | Version | Tinstall | Tcheck | Ttotal | Status | Flags |
---|---|---|---|---|---|---|
r-devel-linux-x86_64-debian-clang | 0.11.0 | 115.64 | 176.67 | 292.31 | OK | |
r-devel-linux-x86_64-debian-gcc | 0.11.0 | 103.03 | 134.19 | 237.22 | OK | |
r-devel-linux-x86_64-fedora-clang | 0.11.0 | 525.89 | WARN | |||
r-devel-linux-x86_64-fedora-gcc | 0.11.0 | 596.90 | OK | |||
r-devel-macos-arm64 | 0.11.0 | 149.00 | OK | |||
r-devel-macos-x86_64 | 0.11.0 | 388.00 | OK | |||
r-devel-windows-x86_64 | 0.11.0 | 114.00 | 389.00 | 503.00 | OK | |
r-patched-linux-x86_64 | 0.11.0 | 135.98 | 183.42 | 319.40 | OK | |
r-release-linux-x86_64 | 0.11.0 | 136.58 | 184.60 | 321.18 | OK | |
r-release-macos-arm64 | 0.11.0 | 150.00 | NOTE | |||
r-release-macos-x86_64 | 0.11.0 | 383.00 | NOTE | |||
r-release-windows-x86_64 | 0.11.0 | 119.00 | 387.00 | 506.00 | NOTE | |
r-oldrel-macos-arm64 | 0.11.0 | 153.00 | NOTE | |||
r-oldrel-macos-x86_64 | 0.11.0 | 328.00 | NOTE | |||
r-oldrel-windows-x86_64 | 0.11.0 | 149.00 | 425.00 | 574.00 | NOTE |
Version: 0.11.0
Check: whether package can be installed
Result: WARN
Found the following significant warnings:
/data/gannet/ripley/R/test-clang/rvinecopulib/include/vinecopulib/misc/nlohmann_json.hpp:25226:47: warning: identifier '_json' preceded by whitespace in a literal operator declaration is deprecated [-Wdeprecated-literal-operator]
/data/gannet/ripley/R/test-clang/rvinecopulib/include/vinecopulib/misc/nlohmann_json.hpp:25245:61: warning: identifier '_json_pointer' preceded by whitespace in a literal operator declaration is deprecated [-Wdeprecated-literal-operator]
See ‘/data/gannet/ripley/R/packages/tests-clang/vinereg.Rcheck/00install.out’ for details.
* used C++ compiler: ‘clang version 20.1.0-rc2’
Flavor: r-devel-linux-x86_64-fedora-clang
Version: 0.11.0
Check: installed package size
Result: NOTE
installed size is 54.3Mb
sub-directories of 1Mb or more:
doc 1.4Mb
libs 52.7Mb
Flavors: r-release-macos-arm64, r-release-macos-x86_64, r-release-windows-x86_64, r-oldrel-macos-arm64, r-oldrel-macos-x86_64, r-oldrel-windows-x86_64