Last updated on 2025-02-24 19:50:51 CET.
Flavor | Version | Tinstall | Tcheck | Ttotal | Status | Flags |
---|---|---|---|---|---|---|
r-devel-linux-x86_64-debian-clang | 1.6.5 | 107.60 | 106.94 | 214.54 | NOTE | |
r-devel-linux-x86_64-debian-gcc | 1.6.5 | 86.20 | 86.27 | 172.47 | NOTE | |
r-devel-linux-x86_64-fedora-clang | 1.6.5 | 362.31 | WARN | |||
r-devel-linux-x86_64-fedora-gcc | 1.6.5 | 399.92 | NOTE | |||
r-devel-macos-arm64 | 1.6.5 | 104.00 | NOTE | |||
r-devel-macos-x86_64 | 1.6.5 | 145.00 | NOTE | |||
r-devel-windows-x86_64 | 1.6.5 | 144.00 | 149.00 | 293.00 | NOTE | |
r-patched-linux-x86_64 | 1.6.5 | 111.25 | 99.87 | 211.12 | OK | |
r-release-linux-x86_64 | 1.6.5 | 111.09 | 100.09 | 211.18 | OK | |
r-release-macos-arm64 | 1.6.5 | 95.00 | NOTE | |||
r-release-macos-x86_64 | 1.6.5 | 107.00 | NOTE | |||
r-release-windows-x86_64 | 1.6.5 | 143.00 | 154.00 | 297.00 | OK | |
r-oldrel-macos-arm64 | 1.6.5 | 94.00 | NOTE | |||
r-oldrel-macos-x86_64 | 1.6.5 | 135.00 | NOTE | |||
r-oldrel-windows-x86_64 | 1.6.5 | 164.00 | 174.00 | 338.00 | OK |
Version: 1.6.5
Check: compiled code
Result: NOTE
File ‘vroom/libs/vroom.so’:
Found non-API calls to R: ‘SETLENGTH’, ‘SET_TRUELENGTH’,
‘STDVEC_DATAPTR’
Compiled code should not call non-API entry points in R.
See ‘Writing portable packages’ in the ‘Writing R Extensions’ manual,
and section ‘Moving into C API compliance’ for issues with the use of
non-API entry points.
Flavors: r-devel-linux-x86_64-debian-clang, r-devel-linux-x86_64-debian-gcc, r-devel-linux-x86_64-fedora-clang, r-devel-linux-x86_64-fedora-gcc, r-devel-macos-arm64, r-devel-macos-x86_64
Version: 1.6.5
Check: whether package can be installed
Result: WARN
Found the following significant warnings:
/data/gannet/ripley/R/test-clang/cpp11/include/cpp11/R.hpp:52:31: warning: identifier '_xl' preceded by whitespace in a literal operator declaration is deprecated [-Wdeprecated-literal-operator]
/data/gannet/ripley/R/test-clang/cpp11/include/cpp11/named_arg.hpp:42:29: warning: identifier '_nm' preceded by whitespace in a literal operator declaration is deprecated [-Wdeprecated-literal-operator]
/data/gannet/ripley/R/test-clang/tzdb/include/date/date.h:966:34: warning: identifier '_d' preceded by whitespace in a literal operator declaration is deprecated [-Wdeprecated-literal-operator]
/data/gannet/ripley/R/test-clang/tzdb/include/date/date.h:967:34: warning: identifier '_y' preceded by whitespace in a literal operator declaration is deprecated [-Wdeprecated-literal-operator]
/data/gannet/ripley/R/test-clang/tzdb/include/date/date.h:1975:13: warning: identifier '_d' preceded by whitespace in a literal operator declaration is deprecated [-Wdeprecated-literal-operator]
/data/gannet/ripley/R/test-clang/tzdb/include/date/date.h:1983:13: warning: identifier '_y' preceded by whitespace in a literal operator declaration is deprecated [-Wdeprecated-literal-operator]
See ‘/data/gannet/ripley/R/packages/tests-clang/vroom.Rcheck/00install.out’ for details.
* used C compiler: ‘clang version 20.1.0-rc2’
* used C++ compiler: ‘clang version 20.1.0-rc2’
Flavor: r-devel-linux-x86_64-fedora-clang
Version: 1.6.5
Check: compiled code
Result: NOTE
File 'vroom/libs/x64/vroom.dll':
Found non-API calls to R: 'SETLENGTH', 'SET_TRUELENGTH',
'STDVEC_DATAPTR'
Compiled code should not call non-API entry points in R.
See 'Writing portable packages' in the 'Writing R Extensions' manual,
and section 'Moving into C API compliance' for issues with the use of
non-API entry points.
Flavor: r-devel-windows-x86_64
Version: 1.6.5
Check: installed package size
Result: NOTE
installed size is 9.9Mb
sub-directories of 1Mb or more:
libs 8.4Mb
Flavors: r-release-macos-arm64, r-release-macos-x86_64, r-oldrel-macos-arm64, r-oldrel-macos-x86_64