CRAN Package Check Results for Package wNNSel

Last updated on 2025-05-13 19:52:53 CEST.

Flavor Version Tinstall Tcheck Ttotal Status Flags
r-devel-linux-x86_64-debian-clang 0.1 2.09 30.47 32.56 NOTE
r-devel-linux-x86_64-debian-gcc 0.1 1.50 21.90 23.40 NOTE
r-devel-linux-x86_64-fedora-clang 0.1 51.53 OK
r-devel-linux-x86_64-fedora-gcc 0.1 49.29 OK
r-devel-windows-x86_64 0.1 2.00 50.00 52.00 OK
r-patched-linux-x86_64 0.1 2.02 29.28 31.30 OK
r-release-linux-x86_64 0.1 1.90 29.08 30.98 OK
r-release-macos-arm64 0.1 18.00 OK
r-release-macos-x86_64 0.1 33.00 OK
r-release-windows-x86_64 0.1 3.00 52.00 55.00 OK
r-oldrel-macos-arm64 0.1 17.00 NOTE
r-oldrel-macos-x86_64 0.1 25.00 NOTE
r-oldrel-windows-x86_64 0.1 3.00 47.00 50.00 NOTE

Check Details

Version: 0.1
Check: CRAN incoming feasibility
Result: NOTE Maintainer: ‘Shahla Faisal <shahla_ramzan@yahoo.com>’ No Authors@R field in DESCRIPTION. Please add one, modifying Authors@R: person(given = "Shahla", family = "Faisal", role = c("aut", "cre"), email = "shahla_ramzan@yahoo.com") as necessary. Flavors: r-devel-linux-x86_64-debian-clang, r-devel-linux-x86_64-debian-gcc

Version: 0.1
Check: LazyData
Result: NOTE 'LazyData' is specified without a 'data' directory Flavors: r-oldrel-macos-arm64, r-oldrel-macos-x86_64, r-oldrel-windows-x86_64