CRAN Package Check Results for Package wilcoxmed

Last updated on 2025-02-07 08:51:39 CET.

Flavor Version Tinstall Tcheck Ttotal Status Flags
r-devel-linux-x86_64-debian-clang 0.0.1 1.38 16.40 17.78 OK
r-devel-linux-x86_64-debian-gcc 0.0.1 1.33 13.89 15.22 OK
r-devel-linux-x86_64-fedora-clang 0.0.1 29.49 OK
r-devel-linux-x86_64-fedora-gcc 0.0.1 27.26 OK
r-devel-windows-x86_64 0.0.1 3.00 35.00 38.00 OK
r-patched-linux-x86_64 0.0.1 1.65 15.72 17.37 NOTE
r-release-linux-x86_64 0.0.1 1.55 16.02 17.57 NOTE
r-release-macos-arm64 0.0.1 14.00 NOTE
r-release-macos-x86_64 0.0.1 19.00 NOTE
r-release-windows-x86_64 0.0.1 3.00 34.00 37.00 NOTE
r-oldrel-macos-arm64 0.0.1 15.00 NOTE
r-oldrel-macos-x86_64 0.0.1 17.00 NOTE
r-oldrel-windows-x86_64 0.0.1 4.00 39.00 43.00 NOTE

Check Details

Version: 0.0.1
Check: LazyData
Result: NOTE 'LazyData' is specified without a 'data' directory Flavors: r-patched-linux-x86_64, r-release-linux-x86_64, r-release-macos-arm64, r-release-macos-x86_64, r-release-windows-x86_64, r-oldrel-macos-arm64, r-oldrel-macos-x86_64, r-oldrel-windows-x86_64