Last updated on 2025-05-14 19:53:14 CEST.
Flavor | Version | Tinstall | Tcheck | Ttotal | Status | Flags |
---|---|---|---|---|---|---|
r-devel-linux-x86_64-debian-clang | 0.2 | 1.71 | 16.61 | 18.32 | NOTE | |
r-devel-linux-x86_64-debian-gcc | 0.2 | 1.37 | 13.32 | 14.69 | NOTE | |
r-devel-linux-x86_64-fedora-clang | 0.2 | 28.67 | OK | |||
r-devel-linux-x86_64-fedora-gcc | 0.2 | 27.14 | OK | |||
r-devel-windows-x86_64 | 0.2 | 4.00 | 34.00 | 38.00 | OK | |
r-patched-linux-x86_64 | 0.2 | 1.69 | 16.09 | 17.78 | OK | |
r-release-linux-x86_64 | 0.2 | 1.48 | 15.96 | 17.44 | OK | |
r-release-macos-arm64 | 0.2 | 14.00 | OK | |||
r-release-macos-x86_64 | 0.2 | 23.00 | OK | |||
r-release-windows-x86_64 | 0.2 | 4.00 | 37.00 | 41.00 | OK | |
r-oldrel-macos-arm64 | 0.2 | 13.00 | OK | |||
r-oldrel-macos-x86_64 | 0.2 | 18.00 | OK | |||
r-oldrel-windows-x86_64 | 0.2 | 2.00 | 34.00 | 36.00 | OK |
Version: 0.2
Check: CRAN incoming feasibility
Result: NOTE
Maintainer: ‘Sudarson Mothilal Thoppay <sudarson@outlook.com>’
No Authors@R field in DESCRIPTION.
Please add one, modifying
Authors@R: person(given = c("Sudarson", "Mothilal"),
family = "Thoppay",
role = c("aut", "cre"),
email = "sudarson@outlook.com")
as necessary.
Flavors: r-devel-linux-x86_64-debian-clang, r-devel-linux-x86_64-debian-gcc