Last updated on 2025-02-21 08:52:49 CET.
Flavor | Version | Tinstall | Tcheck | Ttotal | Status | Flags |
---|---|---|---|---|---|---|
r-devel-linux-x86_64-debian-clang | 0.4.0 | 74.63 | 40.18 | 114.81 | NOTE | |
r-devel-linux-x86_64-debian-gcc | 0.4.0 | 57.71 | 30.22 | 87.93 | NOTE | |
r-devel-linux-x86_64-fedora-clang | 0.4.0 | 221.51 | NOTE | |||
r-devel-linux-x86_64-fedora-gcc | 0.4.0 | 215.12 | NOTE | |||
r-devel-macos-arm64 | 0.4.0 | 50.00 | NOTE | |||
r-devel-macos-x86_64 | 0.4.0 | 67.00 | NOTE | |||
r-devel-windows-x86_64 | 0.4.0 | 81.00 | 82.00 | 163.00 | NOTE | |
r-patched-linux-x86_64 | 0.4.0 | 82.79 | 37.51 | 120.30 | NOTE | |
r-release-linux-x86_64 | 0.4.0 | 76.95 | 37.78 | 114.73 | NOTE | |
r-release-macos-arm64 | 0.4.0 | 53.00 | NOTE | |||
r-release-macos-x86_64 | 0.4.0 | 62.00 | NOTE | |||
r-release-windows-x86_64 | 0.4.0 | 80.00 | 81.00 | 161.00 | NOTE | |
r-oldrel-macos-arm64 | 0.4.0 | 65.00 | NOTE | |||
r-oldrel-macos-x86_64 | 0.4.0 | 95.00 | NOTE | |||
r-oldrel-windows-x86_64 | 0.4.0 | 88.00 | 85.00 | 173.00 | OK |
Version: 0.4.0
Check: Rd files
Result: NOTE
checkRd: (-1) word2vec_similarity.Rd:30: Lost braces in \itemize; meant \describe ?
checkRd: (-1) word2vec_similarity.Rd:31: Lost braces in \itemize; meant \describe ?
Flavors: r-devel-linux-x86_64-debian-clang, r-devel-linux-x86_64-debian-gcc, r-devel-linux-x86_64-fedora-clang, r-devel-linux-x86_64-fedora-gcc, r-devel-macos-arm64, r-devel-macos-x86_64, r-devel-windows-x86_64, r-patched-linux-x86_64, r-release-linux-x86_64, r-release-macos-arm64, r-release-macos-x86_64, r-release-windows-x86_64
Version: 0.4.0
Check: installed package size
Result: NOTE
installed size is 5.4Mb
sub-directories of 1Mb or more:
libs 5.0Mb
Flavors: r-release-macos-arm64, r-release-macos-x86_64, r-oldrel-macos-arm64, r-oldrel-macos-x86_64