Last updated on 2025-02-24 19:50:51 CET.
Flavor | Version | Tinstall | Tcheck | Ttotal | Status | Flags |
---|---|---|---|---|---|---|
r-release-macos-x86_64 | 0.1-2 | 215.00 | NOTE | |||
r-oldrel-macos-x86_64 | 0.1-2 | 229.00 | NOTE |
Version: 0.1-2
Check: installed package size
Result: NOTE
installed size is 23.2Mb
sub-directories of 1Mb or more:
Fonts 1.3Mb
libs 21.1Mb
Flavors: r-release-macos-x86_64, r-oldrel-macos-x86_64