Last updated on 2025-05-18 08:50:33 CEST.
Flavor | Version | Tinstall | Tcheck | Ttotal | Status | Flags |
---|---|---|---|---|---|---|
r-devel-linux-x86_64-debian-clang | 1.3.8 | 13.39 | 47.69 | 61.08 | OK | |
r-devel-linux-x86_64-debian-gcc | 1.3.8 | 10.16 | 35.88 | 46.04 | OK | |
r-devel-linux-x86_64-fedora-clang | 1.3.8 | 115.69 | OK | |||
r-devel-linux-x86_64-fedora-gcc | 1.3.8 | 111.43 | OK | |||
r-devel-windows-x86_64 | 1.3.8 | 34.00 | 90.00 | 124.00 | OK | |
r-patched-linux-x86_64 | 1.3.8 | 14.15 | 45.10 | 59.25 | OK | |
r-release-linux-x86_64 | 1.3.8 | 12.39 | 44.69 | 57.08 | OK | |
r-release-macos-arm64 | 1.3.8 | 43.00 | OK | |||
r-release-macos-x86_64 | 1.3.8 | 77.00 | OK | |||
r-release-windows-x86_64 | 1.3.8 | 1.00 | 5.00 | 6.00 | ERROR | |
r-oldrel-macos-arm64 | 1.3.8 | 100.00 | OK | |||
r-oldrel-macos-x86_64 | 1.3.8 | 201.00 | OK | |||
r-oldrel-windows-x86_64 | 1.3.8 | 36.00 | 104.00 | 140.00 | OK |
Version: 1.3.8
Check: whether package can be installed
Result: ERROR
Installation failed.
Flavor: r-release-windows-x86_64